+ 3360) - -12?
1
Evaluate 8 + -10 + -1 + 7 + -48 - 4.
-48
0 + -6 + 34 - (-35 + 5 + 27)
31
Evaluate (5 - 22) + -28 + (50 - -15) + 60.
80
What is 96 - (0 - -62 - 31)?
65
(2 + (0 - -2) - 4 - 0) + 1 - 50
-49
-5 + (-4 - 1) + (21 - (20 + -40))
31
What is the value of 3 + (-16 - -34) + 198 + -134?
85
Calculate -98 + (-71 - -85) - 2.
-86
Calculate (50 - (-1 - -2)) + 31 + 3 + (-55 - -33).
61
What is the value of -18 - (59 + (-32 - 3) + 27)?
-69
52 + (-13 - (-9 - 1)) + (13 - 8)
54
What is 69 + (28 + -41 - 33)?
23
Calculate 49 - 30 - (-1 + (-11 - -6 - -13)).
12
What is the value of (87 - 85) + (2 + 25 - -2)?
31
What is the value of 4 - (41 + -1) - (64 + -39 - 14)?
-47
-707 + 743 + (4 - (-50 + 4))
86
Calculate 467 - 466 - (-29 - (7 + -17)).
20
-12 - -48 - 42 - 21
-27
What is -79 - -103 - (10 + 18)?
-4
Evaluate 59 + (-89 - -15) - (-81 - (-5 + 3)).
64
Calculate 60 + 0 - (18708 - 18789).
141
What is (9 - (0 + -2) - (80 + -58 + -80)) + 8?
77
(9 - 12 - (-4 + 2 + -6)) + (165 - 202)
-32
27 + (7 + -9 - 8 - 6)
11
Calculate (12 - (-47 + 12)) + (4 + -19 - (-2 - 3)).
37
Evaluate (-9 - -18) + -73 - (5 + (0 - 4) + 3).
-68
Calculate (48 - 55) + -1 + -25.
-33
-26 + (23 + 2 - (-46 - -39))
6
Calculate 105 - (-7 - (26 - 42 - (3 + -28))).
121
Calculate 119 - (96 - 64) - 208.
-121
What is the value of -6 - -11 - -13 - 62 - -25?
-19
-4 - 44 - (-391 + 318)
25
What is the value of (-29 - (5 + (8 - 7))) + -11 + 13?
-33
Calculate 18 + 13 + 15 + (7 - -3) + -20 + 6.
42
Calculate -28 + -5 - 6 - (501 + -474).
-66
Calculate 126 + -53 + -4 + (-2 - -13).
80
Calculate -31 + (42 - -2 - 28).
-15
What is -12 + 18 + (-1791 - -1763)?
-22
Evaluate 1 + 10 + (-29 - (-18 - -4) - (-13 + 10)).
-1
What is the value of 31 + (-49 - -91) + -111?
-38
What is -2 + -11 - (-80 + -17 + (-6 - -5)) - -13?
98
What is 8 + (33 - 7) - (-19 - -4 - -15)?
34
Evaluate -20 + (54 - (-1 + 56)).
-21
Calculate -36 - (-23 - (10 + -11 + -16) - (3 - 1)).
-28
Calculate (1 - (20 - -1)) + (157 - 150) - 42.
-55
What is (-4 - (3 + -6) - (21 + -10 + -15)) + -12?
-9
What is the value of -2 + -2 + (-1 - (-47 + 121))?
-79
-15 + 4 + 9 + -7 + 23
14
What is (46 - 0) + (-799 - -786)?
33
Calculate (8 - -1 - -6) + (131 - 115).
31
Evaluate 14 + 7 + 68 - 41.
48
Calculate -15 + (60 - 32) - 55.
-42
-9551 - -9663 - ((-1 - 3) + (6 - 3))
113
Calculate (2 - 3) + 35 - (-29 + 18 + -8 - -21).
32
What is the value of 17 - (50 + (-52 - 22))?
41
Evaluate -5 + 76 + (5 - 4) + -461 + 450.
61
(-67 - 0) + (4093 - 4050)
-24
-33 + 0 + (-2 - 2) + -20
-57
What is 15 + 45 + -61 - 65?
-66
What is the value of (-3 - -5) + 5 - 5 - (-14 + (81 - 8))?
-57
Evaluate -17 + (7 - (6 + 18 + -29)) - (-1 + -3).
-1
Calculate (-72 - -7) + 85 + -25.
-5
Calculate 12 - (-33 + 20 + 7) - (8 - 0).
10
Calculate -1 + -72 + 3 + (25 - -35 - 50).
-60
Evaluate 4 + -6 + (29 - -1) + -256 + 79 + 177.
28
Calculate (-79 - -49) + 51 + -4.
17
Calculate 31 + 26 + -116 + 65 - (-72 - 2 - -2).
78
61 + -4 - -3 - (10 + (-41 - -19) + 9)
63
What is the value of (2 - 10) + ((-64 - -101) + -59 - 82)?
-112
Calculate -33 + -2 + 106 + 11 + 72.
154
What is (55 - -2) + (10 - 36) + -89?
-58
Evaluate 19 - -20 - 30 - 32.
-23
-31 + -1 + -12 + 18 - (-81 - -78)
-23
What is -45 + (5 - -14) - (-13 - 92)?
79
Calculate -20 + (-70 - -10) + 54.
-26
What is -8 - (317 - 261 - (3 + 34))?
-27
What is (109 + 2 - -3) + -15 + 23 + 13?
135
Evaluate (-61 - (56 + 40)) + 71.
-86
What is the value of 110 + 5 + -17 - (68 + -70 + (10 - 0))?
90
Evaluate (213 + -199 - (-7 + -2)) + -67.
-44
(29 + -11 - (-70 - -70)) + -9
9
What is -6 - -1 - (5 + (33 - -2) - (205 + -196))?
-36
What is the value of 16 - 2 - (-117 + 131 - (26 + 2) - -15)?
13
Evaluate (-29 - -2) + 16 + -18.
-29
Calculate (-2 - 2) + -5 + 5 + -7 - -41.
30
-4 + -4 + (-7 - -5) + -45 + 0
-55
49 + -40 + -18 + -8
-17
-3177 + 3091 + (2 + 6 - 2)
-80
Evaluate 13 + (4 + -11 - ((5 + 1 - 4) + -23)).
27
What is (-9 - (15 - 15 - -1)) + (-39 - (0 - 2))?
-47
What is 5 - (37 - 43) - (20 + 0)?
-9
What is the value of (6 - (-2 - -2 - -10)) + -5 - 34?
-43
Evaluate (-9 - -7) + (-15 - 1 - -8) + (0 - 4).
-14
(24 - (55 - 83)) + 1
53
Evaluate 87 - (6 + -101 - -305).
-123
-2 + 1 + 1 - (187 + -334 + (-1 - -59))
89
(-147 - 33 - -208) + -105 + 0
-77
Calculate -39 + -5 + (-2 - -17).
-29
What is the value of 6 + 13 + 24 + -11?
32
Calculate 6916 - 6861 - (-68 + 0).
123
What is the value of (-34 - (-32 + 7 + 48)) + 1 + (-4 - 1)?
-61
-87 - (-1 + (21 - 53) + 15)
-69
Evaluate 83 + -89 - (30 + -1) - (-12 + (7 - 0)).
-30
Evaluate 22 + 16 + 34 + -72 - (57 + -1).
-56
Calculate 72 - ((63 - 84) + 37).
56
(1303 - 1415) + (-4 - (-15 - -2))
-103
Calculate -2 + 1 + ((-2 - -3) + 0 - -6) - 69.
-63
Evaluate -1 - 17 - ((18 - 69 - -85) + -50).
-2
Evaluate -1 + (-43 - -77) + -32 + 2.
3
What is the value of -9 - (8 + (-54 + 3 - (0 - -5)))?
39
What is 31 + -87 + 15 - -50?
9
Calculate 10 + 50 - ((-7 - (2 + 6 + -17)) + 9).
49
What is the value of (15 - (-26 - -35) - -19) + 6 + -2 + -1?
28
What is (4 + 44 - (1 - (-5 + (7 - 2)))) + 7?
54
Evaluate (-172 + 81 - -167) + (-39 - 1).
36
What is (-25 - -22) + -43 - (7 - 2) - (6 - 9)?
-48
(2 - 15) + 175 + -140
22
What is 0 + 76 + -1 + (-2 - (15 + 5 + -22))?
75
What is (4 - (33 - 3)) + (-4 - -4 - -13)?
-13
Evaluate 112 + (-23 - 18) + -8 + 85.
148
What is -13 + -6 - (-20 + 5 - 9)?
5
14 + -12 - (-4 + -33 + 30)
9
What is the value of 18 + -7 + -16 - (-20 - 3)?
18
What is the value of -15 - (-29 + (0 + -24 - -8))?
30
What is (11 - 4) + -28 + (-2 - 27)?
-50
(-13 - (9 - (28 + -5))) + -6 - -12
7
Calculate -9 + -8 + -19 + 25 + -11.
-22
1 + 8 + (-21 - (11 - 28)) + 11 + 5
21
-188 - ((-8 - 100) + 25)
-105
Evaluate 10 + 0 + 0 + (-2 - -2) - (117 - 172).
65
What is the value of -20 + (9 - 5) - -31 - -3?
18
Evaluate (-29 - -24 - (-72 + (1 - 1))) + 68 + -78.
57
-31 - (-82 + 16 + -21 + 9)
47
Evaluate 47 + -25 + -14 + 37 + 12 + 1.
58
What is -16 + 19 + (10 - (8 - -37))?
-32
What is (-343 - -327) + -8 + 4?
-20
15 + (9 - 12) + -16 + 1 + -7 - 124
-134
30 + (-6 - -12 - -2) + -2 - (11 + -16)
41
What is -55 + 7 + (-397 - -506)?
61
Calculate 131 + -233 + 48 + -6 + -10.
-70
Calculate (-2 - -85) + (-6 - -8) + -20.
65
Evaluate (3 - 1) + (296 - 321) - 50.
-73
What is the value of -21 - (1 + 2 - (-240 + 240))?
-24
What is the value of -5 - (-24 - (-68 + 32) - 52)?
35
Calculate -14 + (29 + -57 - (68 - 9)).
-101
Calculate (-10 - -11) + 0 + 0 + 4 + (16 - 24).
-3
What is the value of 14 + (-23 - -41 - -3)?
35
What is -12 - (-28 - 1 - (65 - 125))?
-43
Calculate -54 + (26 - -71) - -41.
84
Evaluate -24 - -15 - 2 - -16 - 23.
-18
Calculate (126 - 102 - (11 + 1)) + 1 - 25.
-12
What is (12 - 2) + -5 + 20 - 4 - 0?
21
What is (1295 - 1156) + (8 - 132)?
15
Calculate -11 - ((-4 - (0 - 11 - (-15 - -19))) + -91).
69
What is (-8 - 1 - (-230 + 211)) + 49 + -7 - -10?
62
21 + -4 + -26 + 2 - -15
8
What is the value of -8 + (3 - -34) + (63 - 50)?
42
What is (-28 + 74 - 29) + -24?
-7
35 + (-16 + 35 - 89)
-35
Evaluate -13 + 76 + (319 - 407).
-25
Evaluate -263 - -294 - (49 + 4).
-22
What is (-4 - -26) + -6 + (0 - 4)?
12
Calculate -54 - (-42 - -59 - (8 - 1)).
-64
What is (6 + -1 - (-117 + 95)) + (2 - 1)?
28
-1 - -1 - 84 - (4234 - 4247)
-71
Calculate 27 + -101 + 33 + 60.
19
Evaluate (-12 + (-5 - (3 + 9)) - 2) + 2 + 15.
-14
What is the value of 6 + (6 - (21 - 9)) + -21 + 13?
-8
Evaluate (-61 - 1) + 78 + -5.
11
What is the value of (2 - -23 - (15 + -13)) + 40 + 62?
125
What is -75 + (76 - 101) - -69?
-31
What is the value of (-628 - -604 - (-11 + 1)) + 27?
13
Evaluate (0 - -16 - -2) + 2 + (6280 - 6239).
61
Evaluate -33 + -93 - -12 - (-5 + -2).
-107
24 - (29 - 3 - 46)
44
Calculate -29 - (-9 - 12 - -33 - -2).
-43
-11 + (-51 + (4 - (-2 - -7)) - -10)
-53
What is the value of (0 - (44 - 1)) + (-3477 - -3505)?
-15
What is the value of -1 + 125 + (-100 - -63) + -30?
57
(-553 - -562) + (-29 - 2)
-22
What is the value of (-10 - (-2 - -53) - 14) + (-5 - (-16 + 5))?
-69
What is 82 + 1 + (259 - 207) + -48 + 1?
88
Calculate (6 - (2 - -4)) + 4 + -3 - (107 + -84).
-22
Evaluate -110 + 24 + (-26 + 14 + -1 - -1).
-98
What is the value of (-3 - -2 - -8) + (2456 - 2485)?
-22
-6 + 4 + (79 - 69 - (-1 + 8))
1
What is 9 + (0 - (8 + -15 + 6))?
10
What is the value of 16 + (-15 - (34 + -26)) + -20 - (-13 + 0)?
-14
Evaluate -20 + -21 + 3 + 71.
33
Evaluate -6 + 1 + 13 + (26 - (